test common divisor of 8044918 and 1594?
1594
What is the greatest common factor of 3744 and 61542?
234
Calculate the greatest common divisor of 6 and 42708.
6
What is the greatest common factor of 336889 and 2527?
133
Calculate the greatest common divisor of 10 and 36070.
10
What is the highest common divisor of 469712 and 2480?
496
Calculate the greatest common divisor of 617385 and 15405.
1185
Calculate the highest common divisor of 16825 and 150.
25
What is the highest common factor of 7 and 156436?
7
Calculate the greatest common factor of 3919124 and 22.
22
Calculate the greatest common factor of 333918 and 54.
18
What is the highest common factor of 918 and 29943?
27
What is the highest common factor of 31136 and 42?
14
Calculate the greatest common factor of 15972 and 21516.
132
What is the greatest common factor of 7547 and 13?
1
What is the highest common factor of 1908 and 3852?
36
What is the highest common divisor of 16968 and 44036?
404
What is the greatest common divisor of 4050 and 3650?
50
Calculate the highest common factor of 1186587 and 279.
279
Calculate the highest common factor of 539719 and 29.
29
Calculate the highest common divisor of 143 and 38220.
13
What is the highest common divisor of 19 and 1201?
1
What is the highest common divisor of 116 and 132?
4
Calculate the greatest common factor of 38425 and 425.
25
What is the highest common divisor of 15327 and 131?
131
Calculate the greatest common divisor of 175893 and 9.
3
Calculate the highest common factor of 675 and 19675.
25
Calculate the greatest common factor of 784 and 274.
2
What is the greatest common factor of 1639 and 484?
11
Calculate the greatest common factor of 6318 and 1014.
78
What is the greatest common divisor of 14736 and 576?
48
What is the greatest common factor of 1491 and 284?
71
What is the highest common divisor of 4626 and 45746?
514
Calculate the greatest common divisor of 1353 and 20541.
123
What is the highest common factor of 45 and 46539?
9
What is the highest common factor of 573 and 8381271?
573
What is the highest common divisor of 465 and 1087542?
93
What is the highest common factor of 10920 and 2548?
364
What is the highest common factor of 7298885 and 55?
55
What is the greatest common factor of 3432 and 55?
11
What is the greatest common divisor of 216 and 81000?
216
What is the greatest common factor of 5185 and 5139372?
1037
Calculate the greatest common factor of 84735 and 90.
45
Calculate the greatest common divisor of 21892 and 208.
52
Calculate the greatest common factor of 7725 and 225.
75
Calculate the highest common factor of 7151078 and 44.
22
Calculate the highest common factor of 1205 and 785.
5
Calculate the highest common factor of 216 and 42012.
108
Calculate the greatest common factor of 161 and 11053.
7
What is the greatest common divisor of 13335 and 9906?
381
What is the greatest common factor of 169929 and 10665?
711
Calculate the greatest common factor of 1207466 and 4.
2
What is the highest common divisor of 17 and 429879?
17
Calculate the greatest common factor of 23236 and 259.
37
Calculate the greatest common divisor of 420826 and 10.
2
What is the greatest common factor of 3 and 130847?
1
What is the greatest common factor of 16089 and 1829?
31
Calculate the highest common factor of 993 and 174768.
993
What is the greatest common divisor of 920 and 3584?
8
Calculate the greatest common factor of 11635 and 455.
65
Calculate the greatest common divisor of 21932 and 412.
4
Calculate the highest common divisor of 20 and 2937890.
10
Calculate the greatest common factor of 68 and 77061.
17
What is the greatest common divisor of 613860 and 780?
780
Calculate the highest common divisor of 333583 and 133.
19
What is the highest common divisor of 4590 and 1350?
270
Calculate the greatest common factor of 16 and 11864.
8
Calculate the greatest common factor of 6 and 813354.
6
What is the greatest common factor of 4416 and 1909?
23
Calculate the highest common factor of 372 and 661044.
372
What is the greatest common factor of 91179 and 18113?
307
Calculate the highest common factor of 407 and 1573055.
407
Calculate the greatest common factor of 36888 and 3392.
424
Calculate the highest common divisor of 68 and 260644.
68
What is the highest common factor of 39525 and 93?
93
What is the highest common divisor of 16252 and 130972?
956
Calculate the greatest common factor of 1350 and 1728.
54
Calculate the greatest common factor of 102582 and 902.
82
What is the highest common divisor of 2080 and 28640?
160
What is the highest common divisor of 406 and 242578?
14
Calculate the greatest common factor of 3056 and 394606.
382
Calculate the greatest common factor of 172 and 142244.
172
What is the highest common divisor of 6946 and 1012?
46
What is the highest common factor of 4346 and 35616?
106
Calculate the greatest common factor of 14 and 556262.
14
What is the greatest common divisor of 14726 and 3848?
74
Calculate the greatest common divisor of 30 and 5421.
3
Calculate the highest common divisor of 5 and 68395.
5
Calculate the highest common divisor of 47754 and 147.
21
What is the greatest common factor of 58719 and 481?
37
What is the highest common divisor of 14413 and 19383?
497
Calculate the highest common factor of 6811 and 144004.
973
What is the greatest common factor of 12369 and 76?
19
What is the highest common factor of 2625 and 69625?
125
What is the highest common divisor of 290 and 3227526?
58
What is the highest common factor of 367652 and 428?
428
What is the highest common factor of 29729 and 62?
31
What is the greatest common divisor of 15000 and 120?
120
What is the greatest common factor of 3504 and 17958?
438
What is the highest common divisor of 27 and 141?
3
Calculate the highest common divisor of 2323019 and 82.
41
Calculate the highest common divisor of 2970 and 263790.
270
Calculate the greatest common divisor of 2 and 687921.
1
What is the greatest common factor of 934346 and 238?
14
What is the greatest common divisor of 170 and 119810?
10
Calculate the greatest common divisor of 490 and 141715.
35
What is the greatest common factor of 483500 and 2875?
125
What is the highest common divisor of 890 and 61766?
178
Calculate the highest common factor of 22 and 56353.
11
What is the greatest common divisor of 64263 and 11056?
691
Calculate the greatest common factor of 3071 and 101602.
37
Calculate the highest common divisor of 6571 and 173.
1
What is the highest common divisor of 1722711 and 57?
57
What is the highest common divisor of 11155 and 12319?
97
Calculate the highest common divisor of 75600 and 16.
16
Calculate the highest common factor of 170 and 506175.
85
What is the greatest common divisor of 1443 and 10915?
37
Calculate the greatest common divisor of 210725 and 50.
25
What is the greatest common divisor of 1075 and 161900?
25
What is the greatest common factor of 2500 and 160?
20
What is the highest common divisor of 23296 and 3094?
182
Calculate the greatest common factor of 644 and 41377.
161
Calculate the greatest common factor of 521 and 380330.
521
Calculate the greatest common divisor of 1164 and 58588.
388
What is the highest common divisor of 29160 and 1280?
40
What is the greatest common factor of 1418 and 651571?
709
What is the highest common factor of 22528 and 2464?
352
What is the greatest common divisor of 206 and 41818?
206
Calculate the greatest common factor of 20 and 73910.
10
Calculate the greatest common divisor of 1462188 and 1365.
273
What is the greatest common divisor of 208 and 5733208?
104
Calculate the greatest common divisor of 136 and 3200420.
68
What is the greatest common factor of 16511 and 1881?
209
What is the highest common factor of 3745 and 18480?
35
What is the greatest common divisor of 940 and 597746?
94
Calculate the greatest common divisor of 14227 and 32841.
41
What is the highest common divisor of 2835 and 1974?
21
What is the highest common divisor of 460 and 10879?
23
Calculate the highest common factor of 231 and 14718.
33
What is the greatest common divisor of 11528 and 704?
88
Calculate the highest common factor of 960 and 150.
30
What is the highest common divisor of 1914 and 143?
11
What is the highest common factor 